ple of 80?
False
Is 80 a factor of 9280?
True
Is 1766 a multiple of 5?
False
Is 21 a factor of 12600?
True
Is 76 a factor of 103229?
False
Does 22 divide 11911?
False
Is 13 a factor of 546?
True
Is 28 a factor of 167?
False
Is 794 a multiple of 2?
True
Does 6 divide 4272?
True
Is 6 a factor of 699?
False
Is 3162 a multiple of 34?
True
Does 6 divide 324?
True
Is 17 a factor of 12393?
True
Is 2132 a multiple of 34?
False
Is 18 a factor of 4590?
True
Does 38 divide 8968?
True
Does 124 divide 33480?
True
Is 9 a factor of 4069?
False
Is 36 a factor of 72?
True
Is 16 a factor of 533?
False
Is 82 a factor of 53779?
False
Is 8703 a multiple of 9?
True
Does 11 divide 10604?
True
Is 8109 a multiple of 53?
True
Is 19 a factor of 17594?
True
Is 9 a factor of 1594?
False
Is 33 a factor of 81114?
True
Is 21 a factor of 11655?
True
Is 21 a factor of 840?
True
Is 53 a factor of 697?
False
Does 47 divide 92261?
True
Is 16 a factor of 2236?
False
Is 1218 a multiple of 21?
True
Is 165 a multiple of 11?
True
Does 9 divide 2007?
True
Is 20911 a multiple of 11?
True
Is 13 a factor of 34866?
True
Is 189 a multiple of 27?
True
Does 31 divide 4119?
False
Does 26 divide 4815?
False
Is 1500 a multiple of 6?
True
Is 6 a factor of 90?
True
Does 5 divide 7610?
True
Is 3 a factor of 5157?
True
Is 17 a factor of 12801?
True
Does 53 divide 2597?
True
Does 20 divide 7701?
False
Is 6 a factor of 1019?
False
Is 23 a factor of 2335?
False
Is 1313 a multiple of 12?
False
Is 8 a factor of 15344?
True
Is 4 a factor of 330?
False
Does 23 divide 904?
False
Is 28 a factor of 392?
True
Does 47 divide 2780?
False
Is 3394 a multiple of 18?
False
Is 33 a factor of 14190?
True
Does 35 divide 29859?
False
Is 20100 a multiple of 25?
True
Does 9 divide 279?
True
Does 40 divide 1376?
False
Is 20 a factor of 15075?
False
Is 560 a multiple of 10?
True
Is 52937 a multiple of 281?
False
Is 2106 a multiple of 15?
False
Is 17 a factor of 5436?
False
Is 30 a factor of 87?
False
Is 39 a factor of 13657?
False
Is 1560 a multiple of 30?
True
Does 59 divide 649?
True
Is 24816 a multiple of 22?
True
Is 7 a factor of 55286?
True
Is 1811 a multiple of 86?
False
Does 36 divide 42441?
False
Does 77 divide 3368?
False
Is 12 a multiple of 10?
False
Does 145 divide 3649?
False
Is 78 a multiple of 26?
True
Is 3200 a multiple of 25?
True
Is 1416 a multiple of 4?
True
Is 14 a factor of 20823?
False
Is 90 a factor of 5580?
True
Does 14 divide 9506?
True
Does 42 divide 6339?
False
Is 5967 a multiple of 17?
True
Is 15 a factor of 2040?
True
Does 3 divide 2943?
True
Is 2 a factor of 30?
True
Does 12 divide 292?
False
Is 2798 a multiple of 47?
False
Is 2456 a multiple of 72?
False
Is 12 a factor of 1020?
True
Is 641 a multiple of 14?
False
Does 124 divide 68448?
True
Is 161 a factor of 1876?
False
Does 10 divide 150?
True
Is 223 a factor of 15387?
True
Is 13068 a multiple of 44?
True
Is 15 a factor of 2310?
True
Does 94 divide 188?
True
Is 7128 a multiple of 22?
True
Is 3563 a multiple of 4?
False
Is 26234 a multiple of 3?
False
Does 19 divide 551?
True
Is 27 a multiple of 20?
False
Does 28 divide 1140?
False
Is 23 a factor of 1236?
False
Does 6 divide 180?
True
Is 50274 a multiple of 49?
True
Is 21 a factor of 9618?
True
Is 48 a factor of 336?
True
Is 94 a factor of 1128?
True
Is 2 a factor of 678?
True
Is 31 a factor of 38033?
False
Is 13046 a multiple of 6?
False
Is 18 a factor of 1026?
True
Is 9010 a multiple of 10?
True
Does 16 divide 64?
True
Is 22401 a multiple of 19?
True
Is 3367 a multiple of 37?
True
Is 11 a factor of 159?
False
Is 17 a factor of 2380?
True
Is 4 a factor of 1544?
True
Does 62 divide 29450?
True
Does 75 divide 32700?
True
Is 3607 a multiple of 73?
False
Is 38 a factor of 2052?
True
Is 145 a factor of 27985?
True
Does 31 divide 1308?
False
Does 34 divide 32776?
True
Is 160 a factor of 89850?
False
Does 8 divide 552?
True
Does 10 divide 7252?
False
Does 4 divide 146?
False
Does 168 divide 47040?
True
Does 5 divide 9833?
False
Does 11 divide 13616?
False
Does 43 divide 352?
False
Is 23 a factor of 391?
True
Is 81 a factor of 956?
False
Is 16 a factor of 816?
True
Is 15 a factor of 51?
False
Is 1034 a multiple of 5?
False
Does 112 divide 117040?
True
Is 18707 a multiple of 13?
True
Does 4 divide 1562?
False
Is 8030 a multiple of 11?
True
Does 13 divide 429?
True
Is 10 a factor of 1890?
True
Is 20001 a multiple of 177?
True
Is 58 a multiple of 10?
False
Does 7 divide 12142?
False
Is 1898 a multiple of 73?
True
Is 19521 a multiple of 114?
False
Is 112 a factor of 13469?
False
Does 87 divide 27144?
True
Is 963 a multiple of 60?
False
Is 19 a factor of 8550?
True
Is 72 a factor of 6109?
False
Does 16 divide 816?
True
Is 49 a factor of 2001?
False
Is 12 a factor of 4524?
True
Is 11 a factor of 93?
False
Is 176 a multiple of 10?
False
Is 8 a factor of 3145?
False
Does 23 divide 295?
False
Is 770 a multiple of 7?
True
Is 1422 a multiple of 4?
False
Is 1568 a multiple of 32?
True
Does 49 divide 3626?
True
Is 3297 a multiple of 21?
True
Is 1690 a multiple of 67?
False
Is 2811 a multiple of 76?
False
Does 2 divide 6860?
True
Does 4 divide 12?
True
Does 3 divide 121?
False
Is 966 a multiple of 35?
False
Does 6 divide 3492?
True
Is 67459 a multiple of 35?
False
Is 2 a factor of 1138?
True
Does 11 divide 24886?
False
Does 24 divide 243?
False
Is 2242 a multiple of 19?
True
Is 101 a factor of 8888?
True
Is 2 a factor of 6643?
False
Is 5 a factor of 291?
False
Does 29 divide 42572?
True
Is 104 a factor of 4193?
False
Does 39 divide 468?
True
Does 31 divide 4278?
True
Does 37 divide 777?
True
Does 43 divide 1294?
False
Is 47 a factor of 6251?
True
Does 6 divide 37638?
True
Is 3 a factor of 208?
False
Is 472 a multiple of 25?
False
Is 490 a multiple of 14?
True
Is 53 a factor of 198?
False
Is 45 even?
False
Does 19 divide 25080?
True
Is 19 a factor of 40040?
False
Is 753 a multiple of 71?
False
Is 233 a factor of 24232?
True
Does 2 divide 195?
False
Does 28 divide 3612?
True
Is 8816 a multiple of 116?
True
Is 24544 a multiple of 52?
True
Is 21 a factor of 266?
False
Does 50 divide 2250?
True
Is 14 a factor of 2716?
True
Does 39 divide 4561?
False
Does 117 divide 3510?
True
Does 3 divide 661?
False
Does 34 divide 429?
False
Is 57330 a multiple of 18?
True
Is 285 a multiple of 15?
True
Is 1829 a multiple of 11?
False
Does 22 divide 8410?
False
Is 1192 a multiple of 16?
False
Is 3834 a multiple of 10?
False
Is 16 a factor of 114?
False
Is 4146 a multiple of 6?
True
Is 86 a factor of 59900?
False
Is 16 a factor of 49056?
True
Is 6825 a multiple of 5?
True
Is 48 a factor of 2908?
False
Is 26859 a multiple of 71?
False
Is 442 a multiple of 13?
True
Does 17 divide 73627?
True
Is 511 even?
False
Is 12738 a multiple of 25?
False
Is 130 a multiple of 3?
False
Does 30 divide 4359?
False
Is 3278 a multiple of 11?
True
Is 883 a multiple of 6?
False
Does 107 divide 20840?
False
Does 10 divide 14620?
True
Is 231 a multiple of 21?
True
Does 7 divide 3820?
False
Is 255 a multiple of 51?
True
Does 8 divide 2802?
False
Is 1680 a multiple of 12?
True
Is 30289 a multiple of 243?
False
Does 4 divide 2857?
False
Is 14 a factor of 617?
False
Is 20 a factor of 1145?
False
Is 13597 a multiple of 19?
False
Is 2 a factor of 1014?
True
Is 668 a multiple of 10?
False
Does 12 divide 21818?
False
Is 33 a factor of 66?
True
Is 27 a factor of 8613?
True
Is 6788 a multiple of 7?
False
Does 17 divide 29865?
False
Does 36 divide 2215?
False
Is 5204 a multiple of 50?
False
Does 6 divide 2893?
False
Is 38453 a multiple of 33?
False
Is 1311 a multiple of 19?
True
Does 13 divide 28323?
False
Does 8 divide 2088?
True
Does 20 divide 6880?
True
Is 444 a multiple of 55?
False
Does 18 divide 7536?
False
Does 23 divide 1886?
True
Is 28272 a multiple of 12?
True
Is 409 even?
False
Is 16 a factor of 1376?
True
Is 434 a multiple of 62?
True
Is 972 a multiple of 54?
True
Does 3 divide 18579?
True
Does 10 divide 1502?
False
Is 112 a factor of 7728?
True
Is 85 a multiple of 10?
False
Is 601 a multiple of 14?
False
Does 150 divide 4500?
True
Is 42 a multiple of 3?
True
Does 31 divide 62?
True
Is 357 a multiple of 7?
True
Is 8 a factor of 311?
False
Is 1395 even?
False
Is 121 a multiple of 3?
False
Does 52 divide 520?
True
Does 10 divide 10730?
True
Is 77542 a mult